t derivative of -r**3/3 - r**2/2 + 29. Determine g(3).
-12
Let h(y) = 4*y - 6. Suppose 0 = -13*o + 17*o + 16, 4*x = 2*o + 52. Give h(x).
38
Let t(q) = -q**2 + 4*q - 5. Let o = 18 + -33. Let x = 21 + o. Suppose -3*z - x + 18 = 0. What is t(z)?
-5
Let b(g) = -g**3 - g**2 + g + 1. Suppose 4*q - 8 = 0, -254 = -5*h - q - 22. Let t = h - 46. Determine b(t).
1
Let c = -60 - -62. Let s(h) = 4*h + h**2 - 2*h - 2*h**c. Suppose 4*j - 7 = 9. Give s(j).
-8
Let l(y) = -2*y**3 - 10*y**2 + 10*y - 6. Suppose 4*z - 10*o = -5*o - 19, 0 = 5*z - o + 29. Calculate l(z).
6
Let b(i) = -i**2 + 4*i - 2. Suppose -5*c + 29 = j, -c - 2 = 2*j - 3*c. Suppose -2*p - 2*p = -q + 8, -j*p = 4*q - 12. Suppose q*l = l + 15. Determine b(l).
-7
Let m(p) be the third derivative of -p**6/120 + p**5/60 - p**4/24 - 17*p**3/6 + 52*p**2. Give m(0).
-17
Let c(y) = 3*y - 19. Let z(i) = -3*i + 3*i - 10 + 2*i. Let x(a) = -3*c(a) + 5*z(a). What is x(-7)?
0
Let p(j) = j**3 - 3*j**2 - 2*j + 4. Let s(c) = c**2 + 7*c + 4. Let q = -25 - -18. Let m be s(q). Let r = -1 + m. Determine p(r).
-2
Let r(k) = 1 - 1362*k + 1360*k + 1. Give r(-3).
8
Suppose -5*h + 4*l + 120 = -l, 2*h - 4*l = 38. Suppose -5*t = 4 - h. Suppose -4*u + 11 + t = 0. Let w(q) = -q**2 + q + 4. Calculate w(u).
-8
Let r(c) = -10*c + 0 + 3*c - 2*c + 1. Let j be ((-6)/9)/((-6)/297). Let s = j - 31. Calculate r(s).
-17
Let p = -1 - -2. Let w(k) = k + k + p + 0*k. Let v be 336/28 + 15 - 26. Determine w(v).
3
Let n(b) = -b - 13. Suppose 0 = -y - 0 - 15. Let u be n(y). Let s(c) = -c**3 + 3*c - 1. Calculate s(u).
-3
Let c(x) = 8*x - 6*x**2 + 12*x - 19*x + 19*x**2. Suppose s - 5 = 3*w, -3*s = 3*w - 1 - 2. What is c(w)?
12
Let n(r) = -r**3 + 2*r**2 - r + 2. Let j(t) = -t**2 - 20*t - 17. Let f be j(-19). Suppose f*y - g = 4, -g + 8 = 6. What is n(y)?
-10
Let f(r) = -r**3 + r**2 + 8*r. Let q(i) = i. Let n(y) = -f(y) + 8*q(y). Let d = -10 - -10. Calculate n(d).
0
Suppose -4 = -5*v + v. Let w = 4 - v. Suppose 0 = w*h + z + 6, -4*z - 3 = -3*h + 6. Let c(i) = -2*i**2 - 1. What is c(h)?
-3
Let c = 75 + -66. Let w(z) = 0 + c - 4 + 2 - 2*z. Calculate w(6).
-5
Let w(x) = 4*x - 3. Suppose 2*n = 4*p - 6 - 6, -5*n = -2*p - 2. Suppose 0 = -5*g + g + 5*k - 33, -n*g - 3*k = -11. Let t be g/(4/(-6)) + 1. What is w(t)?
13
Let z(a) = -1 - 8*a**2 - 5 + a**3 - 10099*a + 10091*a. Determine z(9).
3
Let x(g) be the first derivative of 1/3*g**3 - g**2 + 22 - g. What is x(3)?
2
Suppose 4*g - 2*c = 0, -2*g + 8 = -4*g + 5*c. Let b be 6 + -7 + 3 + g. Suppose 0 = 3*z - 6 + b. Let u(y) = -2*y + 1. Give u(z).
-1
Let c be (-9)/6 - (-91)/(-28)*-2. Let l(u) = -u**2 + 6*u - 8. Give l(c).
-3
Let z(x) = -2032 + 1002 + 1021 + x. Let g = 19 - 10. Calculate z(g).
0
Let c = -11 + 17. Let s be 1/(-2)*(-2 - c). Suppose 2*f + s = -2*h, -f = f - 5*h + 25. Let k(p) = -p**2 - 5*p + 4. Determine k(f).
4
Let o(c) be the third derivative of c**4/12 - 486*c**2. Determine o(-5).
-10
Let p(n) = n**3 - 8*n**2 + n - 6. Let f be p(8). Let t be (0/(2 + f))/2. Let o(b) = 6*b - b**2 - b - 3*b - 3*b. Calculate o(t).
0
Let v(m) = -8*m**3 - 8*m - 8. Let t(f) = -3*f**3 + f**2 - 5*f - 5. Let o(q) = -5*t(q) + 2*v(q). Let a = -3 + -3. Calculate o(a).
-9
Let z(m) be the second derivative of -m**3/3 - 9*m**2/2 + 38*m + 2. What is z(-5)?
1
Let f be -1 - 3 - -3 - -4. Suppose -f*d - d = 0. Suppose -5 = 5*s - d*s. Let x(g) = -g**2 + g + 1. Calculate x(s).
-1
Suppose -1 = 3*d - 7. Suppose -4*j + 13 = 5*l, 5*l = 3*j + 1 - d. Let w(x) = 0*x**2 + 3*x**j - 3*x**3 + 2*x**3 - 1. Give w(3).
-1
Let j(r) = r**3 + 3*r**2 - r + 1. Let t = -28 - -25. What is j(t)?
4
Let f(q) = 4*q + q**3 - 2*q**2 - 3 - 2*q**3 + 5*q**2 + 1. Suppose 4*r + 23 = -25. Let y = r - -15. What is f(y)?
10
Suppose -3*c + 3 = -3*x, -4*c - 4*x = c - 5. Let m(u) = u + c - 2 - 16*u**3 + 24*u**3 - 21*u**3. Determine m(1).
-13
Let n(b) be the third derivative of -b**8/6720 + b**7/315 - b**6/120 - b**5/20 + 5*b**4/24 - 11*b**2. Let g(a) be the second derivative of n(a). Determine g(7).
1
Let m be 4/18 - (-50)/18. Suppose -m*b = -b - 6. Let n(z) = 368*z + 1 - 5 - 367*z. Determine n(b).
-1
Let w(q) = q**2 - 1. Let v(x) = x**2 + 2*x + 13. Let g be v(0). Let l = -14 + g. Let z(t) = t**3 - 7*t**2 + 4*t + 2. Let j(m) = l*z(m) - 4*w(m). Give j(2).
-2
Let n(w) = w**2 + 6*w + 6. Suppose 94*a - 65*a + 145 = 0. Determine n(a).
1
Let t(o) be the third derivative of -o**6/120 + 4*o**5/15 + 5*o**4/8 + 37*o**3/6 - 4*o**2. Let m be t(17). Let s(d) = -2*d - 2. Determine s(m).
-8
Let q(k) be the second derivative of k**3/6 + 2*k**2 - 8*k. Suppose -4*i = -0 + 4. Let m(r) = 4*r**3 - r**2. Let x be m(i). Calculate q(x).
-1
Let z be ((-8)/(-6))/((-4)/(-6)). Let s(y) = -y - z*y + 0*y. Let r(m) = 208*m + 1873. Let l be r(-9). Give s(l).
-3
Let z(v) = v**3 - 11*v**2 - 2*v + 16. Let w be z(11). Let g(j) = 3*j + 13. Calculate g(w).
-5
Let k(h) be the third derivative of h**7/840 + h**6/120 - h**5/24 - h**4/6 + 2*h**3 + 10*h**2. Let b(z) be the first derivative of k(z). What is b(-3)?
11
Let f(t) be the second derivative of 0 + 3/2*t**2 + 1/2*t**3 - 12*t. Calculate f(-4).
-9
Let b(i) = -4*i**2 + i. Let s be b(1). Let u be ((-10)/2)/(s + 4). Let d(t) = -t**2 - 6*t. Determine d(u).
5
Let f(i) = -i + 6. Let a(g) = 3*g**3 - g**2 - g + 1. Let u be a(1). Suppose 5*m = -u*j + 8, -2*m - 20 = -5*j - 0*j. Suppose -4*z + 20 = -m*z. Determine f(z).
1
Suppose -8 = -3*f - z - 0*z, 8 = 4*z. Let w(y) = -2*y**3 + 3*y**2 - 4*y + 2. Determine w(f).
-10
Let v(j) = -4510 - 4*j**2 + 2*j**2 - 7*j + 4505. Give v(-4).
-9
Let l(j) = 2*j + 2. Let m(s) = 9*s + 18. Let c(a) = -4*l(a) + m(a). Determine c(-8).
2
Let p be 6*11/(-33) - -7. Let b(v) = 2*v. Give b(p).
10
Let p(n) = -n**3 - 3*n**2 + 5*n - 1. Suppose 3*v + 3 = 18. Suppose -4*c + 28 = -v*z, -11 = 2*z - 2*c + 1. Give p(z).
-5
Let v = -15 + 19. Suppose 31 = -3*d + 2*s, -3*d = -v*d + 2*s - 17. Let h(p) = -p + 6. Determine h(d).
13
Let d(j) = j**3 + 13*j**2 + 4*j + 50. Let i be d(-13). Let t(m) = -2*m**2 - 3*m - 2. Give t(i).
-4
Let h = -24 - -30. Suppose 0 = s - 5*v + h, 3*v - v = -5*s + 24. Let m be (1/s)/((-12)/48). Let q(g) = 6*g**2 - 1. Determine q(m).
5
Let p(z) = z**3 + 5*z**2 - z - 1. Let l be (-17)/3 + 2/3. Let d be p(l). Let u(r) = -100 - r + 96 - r**3 + 3*r + 3*r**2. What is u(d)?
-12
Let p(q) be the third derivative of q**6/120 - q**5/15 - 5*q**4/24 - 7*q**3/6 - 4*q**2. Let r be (310/124)/((-1)/(-2)). Give p(r).
-7
Let g(y) = -3*y**3 - y - 1. Let a be g(-1). Let s(z) = -2*z - 2*z**2 - z + 2*z + z**2 + 1 - 4*z**a. Give s(1).
-5
Let i(w) be the first derivative of 5/2*w**2 + 4*w - 1/3*w**3 + 9. Give i(4).
8
Let y be 2/(-4) + 3/2. Let u(f) = -7*f - 1. Let c(s) = -19*s - 3. Let k(z) = 6*c(z) - 17*u(z). What is k(y)?
4
Let r(i) = i**2 - 10*i + 8. Suppose 0 = -17*h + 63 + 56. Calculate r(h).
-13
Let x(i) = -4*i - 3. Suppose -4*m - l + 1 = 0, 2*m + 4 = 5*m + 4*l. Suppose m = -10*c + 51 - 1. Calculate x(c).
-23
Let z(v) be the second derivative of v**3/3 - 2*v. Let u = -46 - -23. Let r = -24 - u. Calculate z(r).
-2
Let d(h) = -2*h**2 + 3*h**2 + 1 - 3 + 5*h + 1. What is d(-5)?
-1
Let w(i) = 2*i + 2. Let b(c) = -11*c - 15. Let d(o) = b(o) + 6*w(o). Give d(-5).
-8
Let f be 0 + 1 - (-8)/(-12)*3. Let j be f*1 + (27 - 21). Let w(o) = -o**3 + 5*o**2 + o - 7. Calculate w(j).
-2
Let t(m) = -3*m**2 - 7*m + 7 + 6*m**3 - 5 + 8*m**2. Let s(o) = o**3 - 7*o + 5*o**2 + 4*o**3 + 2 + 0 + 2*o**3. Let d(p) = -5*s(p) + 6*t(p). Give d(-6).
8
Let b(p) be the second derivative of p**4/12 + 5*p**3/3 + 17*p**2/2 + 942*p. Calculate b(-9).
8
Let g be (-4)/6 - (2720/12)/(-10). Let c(z) = -g + 24*z - 19 + 57 - 15. What is c(-1)?
-23
Let o(n) = -6*n**2 - 16*n + 33. Let s(v) = -2*v**2 - 5*v + 10. Let k(r) = -2*o(r) + 7*s(r). Determine k(-4).
-16
Let g(r) be the third derivative of -r**5/60 + r**4/6 + 2*r**3/3 + r**2. Suppose -22*j = -23*j + 5. Suppose 6*x - x + 50 = j*k, 3*k = -5*x - 2. Give g(k).
-8
Suppose -91 = 3*v - 256. Let f = v + -61. Let d(x) = -x - 12. What is d(f)?
-6
Let f(a) = a**2 - 8*a + 4. Let r be (3/2)/((-24)/(-80)). Suppose 2*j - q = -2*q + 16, 5*j - 50 = -r*q. Calculate f(j).
-8
Let n(b) = 2*b + 4. Let y = -216 + 212. Determine n(y).
-4
Let r = 2918 + -2912. Let n(g) = 5*g + 5. Let d be ((-18)/8)/((-2)/8). Let w(a) = -11*a - 11. Let h(s) = d*n(s) + 4*w(s). Determine 